{"id":2151,"date":"2025-07-18T19:25:24","date_gmt":"2025-07-18T19:25:24","guid":{"rendered":"https:\/\/did-dev.net\/srie\/?page_id=2151"},"modified":"2025-07-19T17:18:50","modified_gmt":"2025-07-19T17:18:50","slug":"conditions-de-souscription","status":"publish","type":"page","link":"https:\/\/did-dev.net\/srie\/conditions-de-souscription\/","title":{"rendered":"Conditions de souscription"},"content":{"rendered":"\n<p style=\"text-align: justify;\">Apr\u00e8s trois ann\u00e9es de pr\u00e9paration qui ont conduit \u00e0 sa maturation, le projet de <strong>Syst\u00e8me de Remont\u00e9e des Incidents Environnementaux (SRIE)<\/strong> a \u00e9t\u00e9 financ\u00e9 par l\u2019Etat de C\u00f4te d\u2019Ivoire en 2022 et est log\u00e9 au sein de la Direction de l\u2019Informatique et de la Documentation (DID), Direction Centrale du <strong>Minist\u00e8re de l\u2019Environnement, du D\u00e9veloppement Durable et de la Transition Ecologique (MINEDDTE)<\/strong> rattach\u00e9e au Cabinet. La mise en place du cadre institutionnel du projet SRIE qui \u00e9tait en cours depuis 2022, et apr\u00e8s validation de toutes les \u00e9tapes de ce processus, a \u00e9t\u00e9 officiellement promulgu\u00e9 par l\u2019arr\u00eat\u00e9 N\u00b00002\/MINEDD\/CAB du 12 Janvier 2023 portant cr\u00e9ation, organisation, attributions et fonctionnement du cadre institutionnel de gestion du projet de mise en place d\u2019un syst\u00e8me de remont\u00e9e des incidents environnementaux en C\u00f4te d\u2019Ivoire (SRIE).<\/p>\n<p style=\"text-align: justify;\">La Plateforme num\u00e9rique SRIE a donc pour objectif de permettre \u00e0 chaque habitant de la C\u00f4te d\u2019Ivoire de d\u00e9clarer gratuitement et en quelques secondes tout probl\u00e8me environnemental au Minist\u00e8re de l\u2019Environnement, du D\u00e9veloppement Durable et de la Transition Ecologique (MINEDDTE). Plusieurs canaux de notifications rapides et faciles \u00e0 utiliser sont fournis: un Application Mobile SRIE, un Formulaire Web, un lien ChatBot SRIE, un lien WhatsApp SRIE, un Num\u00e9ro Vert 1372 accessible partout en C\u00f4te d&#8217;Ivoire.<\/p>\n<p style=\"text-align: center;\"><div class=\"pgc-sgb-cb wp-block-pgcsimplygalleryblock-slider \" data-gallery-id=\"c2412227\"style=&quot;min-height:260px&quot;><div class=\"sgb-preloader\" id=\"pr_c2412227\">\n\t<div class=\"sgb-square\" style=\"background:#d4d4d4\"><\/div>\n\t<div class=\"sgb-square\" style=\"background:#d4d4d4\"><\/div>\n\t<div class=\"sgb-square\" style=\"background:#d4d4d4\"><\/div>\n\t<div class=\"sgb-square\" style=\"background:#d4d4d4\"><\/div><\/div><div class=\"simply-gallery-amp pgc_sgb_slider \" style=\"display: none;\"><div class=\"sgb-gallery\"><div class=\"sgb-item\"><a href=\"https:\/\/did-dev.net\/srie\/?attachment_id=2108\" target=\"_blank\"><img loading=\"lazy\" decoding=\"async\" alt=\"\" width=\"262\" height=\"81\" loading=\"lazy\" src=\"https:\/\/did-dev.net\/srie\/wp-content\/uploads\/2025\/07\/Banniere-canaux-de-saisine-262x81.jpg\" srcset=\"https:\/\/did-dev.net\/srie\/wp-content\/uploads\/2025\/07\/Banniere-canaux-de-saisine-262x81.jpg 262w,https:\/\/did-dev.net\/srie\/wp-content\/uploads\/2025\/07\/Banniere-canaux-de-saisine-847x260.jpg 847w,https:\/\/did-dev.net\/srie\/wp-content\/uploads\/2025\/07\/Banniere-canaux-de-saisine.jpg 1600w\" sizes=\"auto, 250px\"\/><\/a><\/div><\/div><\/div><script type=\"application\/json\" class=\"sgb-data\">{\"collectionThumbSubMenuDownload\":false,\"collectionThumbSubMenuShare\":false,\"sliderMaxHeight\":260,\"sliderAdminWidth\":840,\"responsiveHeight\":true,\"sliderNextPrevNavigation\":false,\"sliderThumbsNavi\":false,\"galleryType\":\"pgc_sgb_slider\",\"galleryId\":\"c2412227\",\"images\":[{\"id\":2108,\"title\":\"Banni\u00e8re canaux de saisine\",\"url\":\"https:\/\/did-dev.net\/srie\/wp-content\/uploads\/2025\/07\/Banniere-canaux-de-saisine.jpg\",\"link\":\"https:\/\/did-dev.net\/srie\/?attachment_id=2108\",\"alt\":\"\",\"description\":\"\",\"caption\":\"\",\"mime\":\"image\/jpeg\",\"type\":\"image\",\"width\":1600,\"height\":492,\"sizes\":{\"thumbnail\":{\"height\":31,\"width\":100,\"url\":\"https:\/\/did-dev.net\/srie\/wp-content\/uploads\/2025\/07\/Banniere-canaux-de-saisine-100x31.jpg\",\"orientation\":\"landscape\"},\"medium\":{\"height\":81,\"width\":262,\"url\":\"https:\/\/did-dev.net\/srie\/wp-content\/uploads\/2025\/07\/Banniere-canaux-de-saisine-262x81.jpg\",\"orientation\":\"landscape\"},\"large\":{\"height\":260,\"width\":847,\"url\":\"https:\/\/did-dev.net\/srie\/wp-content\/uploads\/2025\/07\/Banniere-canaux-de-saisine-847x260.jpg\",\"orientation\":\"landscape\"},\"full\":{\"url\":\"https:\/\/did-dev.net\/srie\/wp-content\/uploads\/2025\/07\/Banniere-canaux-de-saisine.jpg\",\"height\":492,\"width\":1600,\"orientation\":\"landscape\"}},\"imageMeta\":{\"aperture\":\"0\",\"credit\":\"\",\"camera\":\"\",\"caption\":\"\",\"created_timestamp\":\"0\",\"copyright\":\"\",\"focal_length\":\"0\",\"iso\":\"0\",\"shutter_speed\":\"0\",\"title\":\"\",\"orientation\":\"0\",\"keywords\":[]},\"meta\":false,\"postlink\":\"https:\/\/did-dev.net\/srie\/?attachment_id=2108\"}],\"jetPopupInstance\":\"none\",\"jetPopupTriggerType\":\"none\",\"jetPopupCustomSelector\":\"\",\"jetPopupIsJetEngine\":false,\"itemsMetaDataCollection\":[]}<\/script><script>(function(){if(window.PGC_SGB && window.PGC_SGB.searcher){window.PGC_SGB.searcher.initBlocks()}})()<\/script><\/div>\n<p style=\"text-align: justify;\"><span style=\"color: #ff0000;\"><strong>En signalant un incident via l&#8217;un des canaux de transmission (Application Mobile SRIE, Formulaire Web, lien ChatBot SRIE, lien WhatsApp SRIE, ou Num\u00e9ro Vert 1372), vous donnez votre consentement pour l&#8217;utilisation de certaines de vos informations dans le cadre de la protection de l&#8217;Environnement en C\u00f4te d&#8217;Ivoire<\/strong><\/span>. Seul le num\u00e9ro mobile est obligatoire pour l&#8217;envoi de notifications relatives \u00e0 votre d\u00e9claration d&#8217;incident, afin de vous informer sur l&#8217;\u00e9volution des traitements effectu\u00e9s. <strong><span style=\"color: #ff0000;\">Rassurez-vous, vos informations sont trait\u00e9es en toute confidentialit\u00e9 par des professionnels du m\u00e9tier<\/span><\/strong>: le <strong>Centre Ivoirien Anti-Pollution (CIAPOL)<\/strong>, l&#8217;<strong>Agence Nationale De l\u2019Environnement (ANDE)<\/strong>, l\u2019<strong>Office Ivoirien des Parcs et R\u00e9serves (OIPR)<\/strong> ainsi que par <strong>les trente-trois (33) Directeurs R\u00e9gionaux de l&#8217;Environnement<\/strong> en C\u00f4te d&#8217;Ivoire.<br \/>Les d\u00e9clarations de probl\u00e8mes environnementaux sont donc ouverts \u00e0 toute la population ivoirienne. Cependant, <strong>un accord parental est recommand\u00e9 pour les mineurs \u00e0 partir de 12 ans<\/strong>.<\/p>\n<p style=\"text-align: center;\"><div id=\"media_image-22\" class=\"col-xs-12 col-sm-12 col-md-12 col-lg-12  pe-widget-raw widget clearfix widget_media_image shortcodely_widget\"><img fetchpriority=\"high\" decoding=\"async\" width=\"807\" height=\"192\" src=\"https:\/\/did-dev.net\/srie\/wp-content\/uploads\/2025\/07\/image_conditions_souscription-e1752930197290.png\" class=\"image wp-image-2159  attachment-full size-full\" alt=\"\" style=\"max-width: 100%; height: auto;\" srcset=\"https:\/\/did-dev.net\/srie\/wp-content\/uploads\/2025\/07\/image_conditions_souscription-e1752930197290.png 807w, https:\/\/did-dev.net\/srie\/wp-content\/uploads\/2025\/07\/image_conditions_souscription-e1752930197290-262x62.png 262w, https:\/\/did-dev.net\/srie\/wp-content\/uploads\/2025\/07\/image_conditions_souscription-e1752930197290-100x24.png 100w\" sizes=\"(max-width: 807px) 100vw, 807px\" \/><\/div>\n<ul>\n<li style=\"text-align: justify;\">Si vous souhaitez la <strong>suppression de vos donn\u00e9es personnelles<\/strong> de la Plateforme num\u00e9rique SRIE ainsi que pour tout autre requ\u00eate, veuillez <strong>utiliser le formulaire de contact du Site Web<\/strong>.<\/li>\n<li style=\"text-align: justify;\">Pour <strong>d\u00e9clarer un incident<\/strong>, un risque ou un probl\u00e8me environnemental, veuillez <strong>utiliser le Formulaire Web de d\u00e9claration des incidents<\/strong>\u00a0ou les autres canaux.\u00a0<\/li>\n<\/ul>\n<p>\u00a0<\/p>\n\n\n","protected":false},"excerpt":{"rendered":"<p>Apr\u00e8s trois ann\u00e9es de pr\u00e9paration qui ont conduit \u00e0 sa maturation, le projet de Syst\u00e8me de Remont\u00e9e des Incidents Environnementaux (SRIE) a \u00e9t\u00e9 financ\u00e9 par l\u2019Etat de C\u00f4te d\u2019Ivoire en 2022 et est log\u00e9 au sein de la Direction de l\u2019Informatique et de la Documentation (DID), Direction Centrale du Minist\u00e8re de l\u2019Environnement, du D\u00e9veloppement Durable [&hellip;]<\/p>\n","protected":false},"author":1,"featured_media":0,"parent":0,"menu_order":0,"comment_status":"closed","ping_status":"closed","template":"","meta":{"_acf_changed":false,"_lmt_disableupdate":"","_lmt_disable":"","pgc_sgb_lightbox_settings":"","footnotes":""},"folder":[],"class_list":["post-2151","page","type-page","status-publish","hentry","clearfix"],"acf":[],"_links":{"self":[{"href":"https:\/\/did-dev.net\/srie\/wp-json\/wp\/v2\/pages\/2151","targetHints":{"allow":["GET"]}}],"collection":[{"href":"https:\/\/did-dev.net\/srie\/wp-json\/wp\/v2\/pages"}],"about":[{"href":"https:\/\/did-dev.net\/srie\/wp-json\/wp\/v2\/types\/page"}],"author":[{"embeddable":true,"href":"https:\/\/did-dev.net\/srie\/wp-json\/wp\/v2\/users\/1"}],"replies":[{"embeddable":true,"href":"https:\/\/did-dev.net\/srie\/wp-json\/wp\/v2\/comments?post=2151"}],"version-history":[{"count":7,"href":"https:\/\/did-dev.net\/srie\/wp-json\/wp\/v2\/pages\/2151\/revisions"}],"predecessor-version":[{"id":2165,"href":"https:\/\/did-dev.net\/srie\/wp-json\/wp\/v2\/pages\/2151\/revisions\/2165"}],"wp:attachment":[{"href":"https:\/\/did-dev.net\/srie\/wp-json\/wp\/v2\/media?parent=2151"}],"wp:term":[{"taxonomy":"folder","embeddable":true,"href":"https:\/\/did-dev.net\/srie\/wp-json\/wp\/v2\/folder?post=2151"}],"curies":[{"name":"wp","href":"https:\/\/api.w.org\/{rel}","templated":true}]}}