{"id":1910,"date":"2025-04-03T12:48:56","date_gmt":"2025-04-03T12:48:56","guid":{"rendered":"https:\/\/did-dev.net\/promire-dev\/?page_id=1910"},"modified":"2025-04-03T12:48:57","modified_gmt":"2025-04-03T12:48:57","slug":"qui-sommes-nous","status":"publish","type":"page","link":"https:\/\/did-dev.net\/promire-dev\/qui-sommes-nous\/","title":{"rendered":"Qui sommes-nous ?"},"content":{"rendered":"\n<p style=\"text-align: justify;\"><strong>La FAO participe avec le Gouvernement au projet PROMIRE qui veut favoriser une exploitation agricole durable, intelligente et protectrice de l\u2019environnement.<\/strong><\/p>\n\n\n\n<p style=\"text-align: justify;\">Le Gouvernement ivoirien, \u00e0 travers le Minist\u00e8re de l\u2019Environnement et du D\u00e9veloppement Durable (MINEDD), veut restaurer progressivement son couvert forestier \u00e0 hauteur de 20% \u00e0 l\u2019horizon 2030. Pour relever ce d\u00e9fi, il a soumis et obtenu avec l\u2019appui de l\u2019Organisation des Nations Unies pour l\u2019alimentation et l\u2019agriculture (FAO), une enveloppe de 10 millions de dollars, environ 5 milliards de FCFA, du Fonds Vert pour le Climat (FVC) dans le cadre de la mise en \u0153uvre du projet \u00ab Promouvoir la production de cacao sans d\u00e9forestation pour r\u00e9duire les \u00e9missions en C\u00f4te d\u2019Ivoire-PROMIRE \u00bb.<\/p>\n\n\n\n<p style=\"text-align: justify;\">Parfait Kouadio, Directeur de Cabinet du Minist\u00e8re de l\u2019Environnement et du D\u00e9veloppement Durable, a proc\u00e9d\u00e9, le mardi 27 juillet 2021 \u00e0 Abidjan, au lancement de ce projet en pr\u00e9sence de partenaires nationaux et techniques, d\u2019acteurs du secteur priv\u00e9 et de la soci\u00e9t\u00e9 civile et de l\u2019\u00e9quipe du bureau C\u00f4te d\u2019Ivoire de la FAO. \u00ab L\u2019un des moteurs de la d\u00e9forestation en C\u00f4te d\u2019Ivoire est l\u2019exploitation agricole. Nous voulons, \u00e0 travers ce projet, demeurer le premier producteur mondial de cacao, mais au travers d&#8217;une production agricole durable et intelligente, qui ne se fera pas au d\u00e9triment de la for\u00eat. D&#8217;o\u00f9 l&#8217;int\u00e9r\u00eat d&#8217;une exploitation agricole sans d\u00e9forestation \u00bb, a-t-il indiqu\u00e9.<\/p>\n\n\n\n<p style=\"text-align: justify;\">Le Gouvernement ivoirien, \u00e0 travers le Minist\u00e8re de l\u2019Environnement et du D\u00e9veloppement Durable (MINEDD), veut restaurer progressivement son couvert forestier \u00e0 hauteur de 20% \u00e0 l\u2019horizon 2030. Pour relever ce d\u00e9fi, il a soumis et obtenu avec l\u2019appui de l\u2019Organisation des Nations Unies pour l\u2019alimentation et l\u2019agriculture (FAO), une enveloppe de 10 millions de dollars, environ 5 milliards de FCFA, du Fonds Vert pour le Climat (FVC) dans le cadre de la mise en \u0153uvre du projet \u00ab Promouvoir la production de cacao sans d\u00e9forestation pour r\u00e9duire les \u00e9missions en C\u00f4te d\u2019Ivoire-PROMIRE \u00bb.<\/p>\n\n\n\n<p style=\"text-align: justify;\">Parfait Kouadio, Directeur de Cabinet du Minist\u00e8re de l\u2019Environnement et du D\u00e9veloppement Durable, a proc\u00e9d\u00e9, le mardi 27 juillet 2021 \u00e0 Abidjan, au lancement de ce projet en pr\u00e9sence de partenaires nationaux et techniques, d\u2019acteurs du secteur priv\u00e9 et de la soci\u00e9t\u00e9 civile et de l\u2019\u00e9quipe du bureau C\u00f4te d\u2019Ivoire de la FAO. \u00ab L\u2019un des moteurs de la d\u00e9forestation en C\u00f4te d\u2019Ivoire est l\u2019exploitation agricole. Nous voulons, \u00e0 travers ce projet, demeurer le premier producteur mondial de cacao, mais au travers d&#8217;une production agricole durable et intelligente, qui ne se fera pas au d\u00e9triment de la for\u00eat. D&#8217;o\u00f9 l&#8217;int\u00e9r\u00eat d&#8217;une exploitation agricole sans d\u00e9forestation \u00bb, a-t-il indiqu\u00e9.<\/p>\n","protected":false},"excerpt":{"rendered":"<p>La FAO participe avec le Gouvernement au projet PROMIRE qui veut favoriser une exploitation agricole durable, intelligente et protectrice de l\u2019environnement. Le Gouvernement ivoirien, \u00e0 travers le Minist\u00e8re de l\u2019Environnement et du D\u00e9veloppement Durable (MINEDD), veut restaurer progressivement son couvert forestier \u00e0 hauteur de 20% \u00e0 l\u2019horizon 2030. Pour relever ce d\u00e9fi, il a soumis [&hellip;]<\/p>\n","protected":false},"author":1,"featured_media":0,"parent":0,"menu_order":0,"comment_status":"closed","ping_status":"closed","template":"","meta":{"_acf_changed":false,"_lmt_disableupdate":"","_lmt_disable":"","pgc_sgb_lightbox_settings":"","footnotes":""},"folder":[],"class_list":["post-1910","page","type-page","status-publish","hentry","clearfix"],"acf":[],"_links":{"self":[{"href":"https:\/\/did-dev.net\/promire-dev\/wp-json\/wp\/v2\/pages\/1910","targetHints":{"allow":["GET"]}}],"collection":[{"href":"https:\/\/did-dev.net\/promire-dev\/wp-json\/wp\/v2\/pages"}],"about":[{"href":"https:\/\/did-dev.net\/promire-dev\/wp-json\/wp\/v2\/types\/page"}],"author":[{"embeddable":true,"href":"https:\/\/did-dev.net\/promire-dev\/wp-json\/wp\/v2\/users\/1"}],"replies":[{"embeddable":true,"href":"https:\/\/did-dev.net\/promire-dev\/wp-json\/wp\/v2\/comments?post=1910"}],"version-history":[{"count":1,"href":"https:\/\/did-dev.net\/promire-dev\/wp-json\/wp\/v2\/pages\/1910\/revisions"}],"predecessor-version":[{"id":1911,"href":"https:\/\/did-dev.net\/promire-dev\/wp-json\/wp\/v2\/pages\/1910\/revisions\/1911"}],"wp:attachment":[{"href":"https:\/\/did-dev.net\/promire-dev\/wp-json\/wp\/v2\/media?parent=1910"}],"wp:term":[{"taxonomy":"folder","embeddable":true,"href":"https:\/\/did-dev.net\/promire-dev\/wp-json\/wp\/v2\/folder?post=1910"}],"curies":[{"name":"wp","href":"https:\/\/api.w.org\/{rel}","templated":true}]}}

<p style="text-align: justify;"><strong>La FAO participe avec le Gouvernement au projet PROMIRE qui veut favoriser une exploitation agricole durable, intelligente et protectrice de l’environnement.</strong></p>



<p style="text-align: justify;">Le Gouvernement ivoirien, à travers le Ministère de l’Environnement et du Développement Durable (MINEDD), veut restaurer progressivement son couvert forestier à hauteur de 20% à l’horizon 2030. Pour relever ce défi, il a soumis et obtenu avec l’appui de l’Organisation des Nations Unies pour l’alimentation et l’agriculture (FAO), une enveloppe de 10 millions de dollars, environ 5 milliards de FCFA, du Fonds Vert pour le Climat (FVC) dans le cadre de la mise en œuvre du projet « Promouvoir la production de cacao sans déforestation pour réduire les émissions en Côte d’Ivoire-PROMIRE ».</p>



<p style="text-align: justify;">Parfait Kouadio, Directeur de Cabinet du Ministère de l’Environnement et du Développement Durable, a procédé, le mardi 27 juillet 2021 à Abidjan, au lancement de ce projet en présence de partenaires nationaux et techniques, d’acteurs du secteur privé et de la société civile et de l’équipe du bureau Côte d’Ivoire de la FAO. « L’un des moteurs de la déforestation en Côte d’Ivoire est l’exploitation agricole. Nous voulons, à travers ce projet, demeurer le premier producteur mondial de cacao, mais au travers d&#8217;une production agricole durable et intelligente, qui ne se fera pas au détriment de la forêt. D&#8217;où l&#8217;intérêt d&#8217;une exploitation agricole sans déforestation », a-t-il indiqué.</p>



<p style="text-align: justify;">Le Gouvernement ivoirien, à travers le Ministère de l’Environnement et du Développement Durable (MINEDD), veut restaurer progressivement son couvert forestier à hauteur de 20% à l’horizon 2030. Pour relever ce défi, il a soumis et obtenu avec l’appui de l’Organisation des Nations Unies pour l’alimentation et l’agriculture (FAO), une enveloppe de 10 millions de dollars, environ 5 milliards de FCFA, du Fonds Vert pour le Climat (FVC) dans le cadre de la mise en œuvre du projet « Promouvoir la production de cacao sans déforestation pour réduire les émissions en Côte d’Ivoire-PROMIRE ».</p>



<p style="text-align: justify;">Parfait Kouadio, Directeur de Cabinet du Ministère de l’Environnement et du Développement Durable, a procédé, le mardi 27 juillet 2021 à Abidjan, au lancement de ce projet en présence de partenaires nationaux et techniques, d’acteurs du secteur privé et de la société civile et de l’équipe du bureau Côte d’Ivoire de la FAO. « L’un des moteurs de la déforestation en Côte d’Ivoire est l’exploitation agricole. Nous voulons, à travers ce projet, demeurer le premier producteur mondial de cacao, mais au travers d&#8217;une production agricole durable et intelligente, qui ne se fera pas au détriment de la forêt. D&#8217;où l&#8217;intérêt d&#8217;une exploitation agricole sans déforestation », a-t-il indiqué.</p>

<p>La FAO participe avec le Gouvernement au projet PROMIRE qui veut favoriser une exploitation agricole durable, intelligente et protectrice de l’environnement. Le Gouvernement ivoirien, à travers le Ministère de l’Environnement et du Développement Durable (MINEDD), veut restaurer progressivement son couvert forestier à hauteur de 20% à l’horizon 2030. Pour relever ce défi, il a soumis [&hellip;]</p>
