{"id":3225,"date":"2022-02-10T13:00:00","date_gmt":"2022-02-10T13:00:00","guid":{"rendered":"https:\/\/did-dev.net\/mineddte\/?page_id=3225"},"modified":"2022-02-10T13:15:40","modified_gmt":"2022-02-10T13:15:40","slug":"pnue-unep","status":"publish","type":"page","link":"https:\/\/did-dev.net\/mineddte\/pnue-unep\/","title":{"rendered":"PNUE-UNEP"},"content":{"rendered":"<h1 style=\"text-align: center;\"><span style=\"text-decoration: underline;\"><span style=\"font-family: verdana, geneva, sans-serif; font-size: 12pt;\">LE PROGRAMME DES NATIONS UNIES POUR L\u2019ENVIRONNEMENT (PNUE)<\/span><\/span><\/h1>\n<p style=\"text-align: justify;\"><span style=\"font-family: verdana, geneva, sans-serif;\"><strong><span style=\"text-decoration: underline;\">Si\u00e8ge<\/span> :<\/strong> C\u00f4te d\u2019Ivoire, Abidjan &#8211; II Plateaux-Vallon &#8211; Rue Harris Memel Foteh<\/span><\/p>\n<p style=\"text-align: justify;\"><span style=\"font-family: verdana, geneva, sans-serif;\"><strong><span style=\"text-decoration: underline;\">T\u00e9l\u00e9phone<\/span> :<\/strong> <strong>+225 2722418850 \/ +225 2722418855 \/Fax : +225 2722415567<\/strong><\/span><\/p>\n<p style=\"text-align: justify;\"><span style=\"font-family: verdana, geneva, sans-serif;\">Etabli en 1972, le PNUE est l\u2019entit\u00e9 du syst\u00e8me des Nations Unies d\u00e9sign\u00e9e pour r\u00e9pondre aux probl\u00e8mes environnementaux aux niveaux r\u00e9gional et national.\u00a0<\/span><\/p>\n<p style=\"text-align: justify;\"><span style=\"font-family: verdana, geneva, sans-serif;\">Le travail du PNUE comprend :<\/span><\/p>\n<ul>\n<li style=\"text-align: justify;\"><span style=\"font-family: verdana, geneva, sans-serif;\">L&#8217;\u00e9valuation des conditions et tendances environnementales aux niveaux global, r\u00e9gional et national ;<\/span><\/li>\n<li><span style=\"font-family: verdana, geneva, sans-serif; font-size: revert; text-align: justify; color: initial;\">Le d\u00e9veloppement des instruments environnementaux aux niveaux national et international ;<\/span><\/li>\n<li><span style=\"font-family: verdana, geneva, sans-serif; font-size: revert; text-align: justify; color: initial;\">Le renforcement des institutions pour une gestion sage de l&#8217;environnement.<\/span><\/li>\n<\/ul>\n<p style=\"text-align: justify;\"><span style=\"font-family: verdana, geneva, sans-serif;\"><strong>Source : <\/strong><a href=\"https:\/\/www.unep.org\/\" target=\"_blank\" rel=\"noopener\"><strong>www.unep.org<\/strong><\/a><\/span><\/p>\n<p>\u00a0<\/p>\n\n\n\n","protected":false},"excerpt":{"rendered":"<p>LE PROGRAMME DES NATIONS UNIES POUR L\u2019ENVIRONNEMENT (PNUE) Si\u00e8ge : C\u00f4te d\u2019Ivoire, Abidjan &#8211; II Plateaux-Vallon &#8211; Rue Harris Memel Foteh T\u00e9l\u00e9phone : +225 2722418850 \/ +225 2722418855 \/Fax : [&hellip;]<\/p>\n","protected":false},"author":1,"featured_media":0,"parent":0,"menu_order":0,"comment_status":"closed","ping_status":"closed","template":"","meta":{"_lmt_disableupdate":"no","_lmt_disable":"","pgc_sgb_lightbox_settings":""},"folder":[80],"_links":{"self":[{"href":"https:\/\/did-dev.net\/mineddte\/wp-json\/wp\/v2\/pages\/3225"}],"collection":[{"href":"https:\/\/did-dev.net\/mineddte\/wp-json\/wp\/v2\/pages"}],"about":[{"href":"https:\/\/did-dev.net\/mineddte\/wp-json\/wp\/v2\/types\/page"}],"author":[{"embeddable":true,"href":"https:\/\/did-dev.net\/mineddte\/wp-json\/wp\/v2\/users\/1"}],"replies":[{"embeddable":true,"href":"https:\/\/did-dev.net\/mineddte\/wp-json\/wp\/v2\/comments?post=3225"}],"version-history":[{"count":1,"href":"https:\/\/did-dev.net\/mineddte\/wp-json\/wp\/v2\/pages\/3225\/revisions"}],"predecessor-version":[{"id":3226,"href":"https:\/\/did-dev.net\/mineddte\/wp-json\/wp\/v2\/pages\/3225\/revisions\/3226"}],"wp:attachment":[{"href":"https:\/\/did-dev.net\/mineddte\/wp-json\/wp\/v2\/media?parent=3225"}],"wp:term":[{"taxonomy":"folder","embeddable":true,"href":"https:\/\/did-dev.net\/mineddte\/wp-json\/wp\/v2\/folder?post=3225"}],"curies":[{"name":"wp","href":"https:\/\/api.w.org\/{rel}","templated":true}]}}