{"id":3220,"date":"2022-02-10T12:50:00","date_gmt":"2022-02-10T12:50:00","guid":{"rendered":"https:\/\/did-dev.net\/mineddte\/?page_id=3220"},"modified":"2022-02-10T13:04:08","modified_gmt":"2022-02-10T13:04:08","slug":"convention-dabidjan","status":"publish","type":"page","link":"https:\/\/did-dev.net\/mineddte\/convention-dabidjan\/","title":{"rendered":"CONVENTION D\u2019ABIDJAN"},"content":{"rendered":"<h1 style=\"text-align: center;\"><span style=\"text-decoration: underline;\"><span style=\"font-family: verdana, geneva, sans-serif; font-size: 12pt;\">LA CONVENTION D\u2019ABIDJAN<\/span><\/span><\/h1>\r\n<p style=\"text-align: justify;\">\u00a0<span style=\"font-family: verdana, geneva, sans-serif;\"><strong><span style=\"text-decoration: underline;\">Si\u00e8ge<\/span> :<\/strong> C\u00f4te d\u2019Ivoire, Abidjan -II Plateaux-Vallon &#8211; Rue Harris Memel Foteh<\/span><\/p>\r\n<p style=\"text-align: justify;\"><span style=\"font-family: verdana, geneva, sans-serif;\"><strong><span style=\"text-decoration: underline;\">Tel<\/span> :<\/strong> <strong>+225 22418850 \/ +225 22418855<\/strong><\/span><\/p>\r\n<p style=\"text-align: justify;\"><span style=\"font-family: verdana, geneva, sans-serif;\">La Convention d&#8217;Abidjan est un accord-cadre global pour la protection et la gestion du milieu marin et des zones c\u00f4ti\u00e8res. Il r\u00e9pertorie les sources de pollution qui n\u00e9cessitent un contr\u00f4le : les navires, les activit\u00e9s de dumping, terrestres, l&#8217;exploration et l&#8217;exploitation des fonds marins et de la pollution ou \u00e0 travers l&#8217;atmosph\u00e8re. Il identifie \u00e9galement les questions de gestion de l&#8217;environnement \u00e0 partir de laquelle les efforts de coop\u00e9ration doivent \u00eatre faites : l&#8217;\u00e9rosion c\u00f4ti\u00e8re, les zones sp\u00e9cialement prot\u00e9g\u00e9es, lutte contre la pollution en cas d&#8217;urgence, et l&#8217;\u00e9valuation de l&#8217;impact environnemental. Il y a aussi des articles sur la coop\u00e9ration et la responsabilit\u00e9 et l&#8217;indemnisation scientifique et technologique. Les pays de la Convention d\u2019Abidjan : Angola, B\u00e9nin, Cameroun, Cap-Vert, Congo (RD), Congo (R\u00e9p. de), C\u00f4te d&#8217;Ivoire, la Guin\u00e9e \u00e9quatoriale, le Gabon, la Gambie (La), Ghana, Guin\u00e9e, Guin\u00e9e-Bissau, le Lib\u00e9ria, Mauritanie, Namibie, Nigeria, Sao Tom\u00e9 e Principe, S\u00e9n\u00e9gal, Sierra Leone, Afrique du Sud et le Togo.\u00a0<\/span><\/p>\r\n<p style=\"text-align: justify;\"><span style=\"font-family: verdana, geneva, sans-serif;\"><strong>Source : <a href=\"https:\/\/abidjanconvention.org\" target=\"_blank\" rel=\"noopener\">abidjanconvention.org<\/a><\/strong><\/span><\/p>\r\n<p><\/p>","protected":false},"excerpt":{"rendered":"<p>LA CONVENTION D\u2019ABIDJAN \u00a0Si\u00e8ge : C\u00f4te d\u2019Ivoire, Abidjan -II Plateaux-Vallon &#8211; Rue Harris Memel Foteh Tel : +225 22418850 \/ +225 22418855 La Convention d&#8217;Abidjan est un accord-cadre global pour [&hellip;]<\/p>\n","protected":false},"author":1,"featured_media":0,"parent":0,"menu_order":0,"comment_status":"closed","ping_status":"closed","template":"","meta":{"_lmt_disableupdate":"no","_lmt_disable":"","pgc_sgb_lightbox_settings":""},"folder":[80],"_links":{"self":[{"href":"https:\/\/did-dev.net\/mineddte\/wp-json\/wp\/v2\/pages\/3220"}],"collection":[{"href":"https:\/\/did-dev.net\/mineddte\/wp-json\/wp\/v2\/pages"}],"about":[{"href":"https:\/\/did-dev.net\/mineddte\/wp-json\/wp\/v2\/types\/page"}],"author":[{"embeddable":true,"href":"https:\/\/did-dev.net\/mineddte\/wp-json\/wp\/v2\/users\/1"}],"replies":[{"embeddable":true,"href":"https:\/\/did-dev.net\/mineddte\/wp-json\/wp\/v2\/comments?post=3220"}],"version-history":[{"count":3,"href":"https:\/\/did-dev.net\/mineddte\/wp-json\/wp\/v2\/pages\/3220\/revisions"}],"predecessor-version":[{"id":3224,"href":"https:\/\/did-dev.net\/mineddte\/wp-json\/wp\/v2\/pages\/3220\/revisions\/3224"}],"wp:attachment":[{"href":"https:\/\/did-dev.net\/mineddte\/wp-json\/wp\/v2\/media?parent=3220"}],"wp:term":[{"taxonomy":"folder","embeddable":true,"href":"https:\/\/did-dev.net\/mineddte\/wp-json\/wp\/v2\/folder?post=3220"}],"curies":[{"name":"wp","href":"https:\/\/api.w.org\/{rel}","templated":true}]}}

<h1 style="text-align: center;"><span style="text-decoration: underline;"><span style="font-family: verdana, geneva, sans-serif; font-size: 12pt;">LA CONVENTION D’ABIDJAN</span></span></h1>
<p style="text-align: justify;"> <span style="font-family: verdana, geneva, sans-serif;"><strong><span style="text-decoration: underline;">Siège</span> :</strong> Côte d’Ivoire, Abidjan -II Plateaux-Vallon &#8211; Rue Harris Memel Foteh</span></p>
<p style="text-align: justify;"><span style="font-family: verdana, geneva, sans-serif;"><strong><span style="text-decoration: underline;">Tel</span> :</strong> <strong>+225 22418850 / +225 22418855</strong></span></p>
<p style="text-align: justify;"><span style="font-family: verdana, geneva, sans-serif;">La Convention d&#8217;Abidjan est un accord-cadre global pour la protection et la gestion du milieu marin et des zones côtières. Il répertorie les sources de pollution qui nécessitent un contrôle : les navires, les activités de dumping, terrestres, l&#8217;exploration et l&#8217;exploitation des fonds marins et de la pollution ou à travers l&#8217;atmosphère. Il identifie également les questions de gestion de l&#8217;environnement à partir de laquelle les efforts de coopération doivent être faites : l&#8217;érosion côtière, les zones spécialement protégées, lutte contre la pollution en cas d&#8217;urgence, et l&#8217;évaluation de l&#8217;impact environnemental. Il y a aussi des articles sur la coopération et la responsabilité et l&#8217;indemnisation scientifique et technologique. Les pays de la Convention d’Abidjan : Angola, Bénin, Cameroun, Cap-Vert, Congo (RD), Congo (Rép. de), Côte d&#8217;Ivoire, la Guinée équatoriale, le Gabon, la Gambie (La), Ghana, Guinée, Guinée-Bissau, le Libéria, Mauritanie, Namibie, Nigeria, Sao Tomé e Principe, Sénégal, Sierra Leone, Afrique du Sud et le Togo. </span></p>
<p style="text-align: justify;"><span style="font-family: verdana, geneva, sans-serif;"><strong>Source : <a href="https://abidjanconvention.org" target="_blank" rel="noopener">abidjanconvention.org</a></strong></span></p>
<p></p>

<p>LA CONVENTION D’ABIDJAN  Siège : Côte d’Ivoire, Abidjan -II Plateaux-Vallon &#8211; Rue Harris Memel Foteh Tel : +225 22418850 / +225 22418855 La Convention d&#8217;Abidjan est un accord-cadre global pour [&hellip;]</p>
