{"id":2816,"date":"2022-01-05T11:24:20","date_gmt":"2022-01-05T11:24:20","guid":{"rendered":"https:\/\/did-dev.net\/mineddte\/?page_id=2816"},"modified":"2024-02-20T13:13:37","modified_gmt":"2024-02-20T13:13:37","slug":"projets","status":"publish","type":"page","link":"https:\/\/did-dev.net\/mineddte\/projets\/","title":{"rendered":"Projets"},"content":{"rendered":"<p style=\"text-align: center;\"><span style=\"font-family: verdana, geneva, sans-serif;\"><strong><u>PROJETS LOGES AU MINISTERE DE L\u2019ENVIRONNEMENT, DU DEVELOPPEMENT DURABLE ET DE LA TRANSITION ECOLOGIQUE<\/u><\/strong><\/span><\/p>\r\n<p><span style=\"font-family: verdana, geneva, sans-serif;\">La <strong>Coordination des Programmes et Projets (CPP)<\/strong> h\u00e9berge une vingtaine de projets au Minist\u00e8re.<\/span><\/p>\r\n<p><span style=\"font-family: verdana, geneva, sans-serif;\">Vous pouvez les Consulter \u00e0 partir du lien suivant:\u00a0<a href=\"https:\/\/did-dev.net\/mineddte\/wp-content\/uploads\/2024\/02\/LISTE-DES-PROJETS-DU-MINISTERE.pdf\">LISTE DES PROJETS DU MINISTERE<\/a><\/span><\/p>\r\n<p style=\"text-align: justify;\"><span style=\"font-family: verdana, geneva, sans-serif;\"><span style=\"font-size: 12pt;\"><strong><span style=\"text-decoration: underline;\">Contacts<\/span> :<\/strong><\/span> pour toutes informations compl\u00e9mentaires, pri\u00e8re contacter la <strong>Coordination G\u00e9n\u00e9rale des Programmes et Projets (CGPP)<\/strong>, sise \u00e0 Cocody 2 Plateaux les vallons, rue 191 (arri\u00e8re cours du super march\u00e9 le casino). <\/span><br \/>\r\n<strong><span style=\"font-family: verdana, geneva, sans-serif;\">T\u00e9l : (+225) 27 22 41 11 99 \/ Email : CGPP@environnement.gouv.ci<\/span><\/strong><br \/>\r\n<strong><span style=\"font-family: verdana, geneva, sans-serif;\">Bo\u00eete postale : 08 BP 2127 Abidjan 08<\/span><\/strong><\/p>\r\n<p style=\"text-align: center;\">\u00a0<\/p>\r\n","protected":false},"excerpt":{"rendered":"<p>PROJETS LOGES AU MINISTERE DE L\u2019ENVIRONNEMENT, DU DEVELOPPEMENT DURABLE ET DE LA TRANSITION ECOLOGIQUE La Coordination des Programmes et Projets (CPP) h\u00e9berge une vingtaine de projets au Minist\u00e8re. Vous pouvez [&hellip;]<\/p>\n","protected":false},"author":1,"featured_media":0,"parent":0,"menu_order":0,"comment_status":"closed","ping_status":"closed","template":"","meta":{"_lmt_disableupdate":"no","_lmt_disable":"","pgc_sgb_lightbox_settings":""},"folder":[53],"_links":{"self":[{"href":"https:\/\/did-dev.net\/mineddte\/wp-json\/wp\/v2\/pages\/2816"}],"collection":[{"href":"https:\/\/did-dev.net\/mineddte\/wp-json\/wp\/v2\/pages"}],"about":[{"href":"https:\/\/did-dev.net\/mineddte\/wp-json\/wp\/v2\/types\/page"}],"author":[{"embeddable":true,"href":"https:\/\/did-dev.net\/mineddte\/wp-json\/wp\/v2\/users\/1"}],"replies":[{"embeddable":true,"href":"https:\/\/did-dev.net\/mineddte\/wp-json\/wp\/v2\/comments?post=2816"}],"version-history":[{"count":7,"href":"https:\/\/did-dev.net\/mineddte\/wp-json\/wp\/v2\/pages\/2816\/revisions"}],"predecessor-version":[{"id":5166,"href":"https:\/\/did-dev.net\/mineddte\/wp-json\/wp\/v2\/pages\/2816\/revisions\/5166"}],"wp:attachment":[{"href":"https:\/\/did-dev.net\/mineddte\/wp-json\/wp\/v2\/media?parent=2816"}],"wp:term":[{"taxonomy":"folder","embeddable":true,"href":"https:\/\/did-dev.net\/mineddte\/wp-json\/wp\/v2\/folder?post=2816"}],"curies":[{"name":"wp","href":"https:\/\/api.w.org\/{rel}","templated":true}]}}

<p style="text-align: center;"><span style="font-family: verdana, geneva, sans-serif;"><strong><u>PROJETS LOGES AU MINISTERE DE L’ENVIRONNEMENT, DU DEVELOPPEMENT DURABLE ET DE LA TRANSITION ECOLOGIQUE</u></strong></span></p>
<p><span style="font-family: verdana, geneva, sans-serif;">La <strong>Coordination des Programmes et Projets (CPP)</strong> héberge une vingtaine de projets au Ministère.</span></p>
<p><span style="font-family: verdana, geneva, sans-serif;">Vous pouvez les Consulter à partir du lien suivant: <a href="https://did-dev.net/mineddte/wp-content/uploads/2024/02/LISTE-DES-PROJETS-DU-MINISTERE.pdf">LISTE DES PROJETS DU MINISTERE</a></span></p>
<p style="text-align: justify;"><span style="font-family: verdana, geneva, sans-serif;"><span style="font-size: 12pt;"><strong><span style="text-decoration: underline;">Contacts</span> :</strong></span> pour toutes informations complémentaires, prière contacter la <strong>Coordination Générale des Programmes et Projets (CGPP)</strong>, sise à Cocody 2 Plateaux les vallons, rue 191 (arrière cours du super marché le casino). </span><br />
<strong><span style="font-family: verdana, geneva, sans-serif;">Tél : (+225) 27 22 41 11 99 / Email : CGPP@environnement.gouv.ci</span></strong><br />
<strong><span style="font-family: verdana, geneva, sans-serif;">Boîte postale : 08 BP 2127 Abidjan 08</span></strong></p>
<p style="text-align: center;"> </p>

<p>PROJETS LOGES AU MINISTERE DE L’ENVIRONNEMENT, DU DEVELOPPEMENT DURABLE ET DE LA TRANSITION ECOLOGIQUE La Coordination des Programmes et Projets (CPP) héberge une vingtaine de projets au Ministère. Vous pouvez [&hellip;]</p>
