{"id":2396,"date":"2021-11-26T20:26:47","date_gmt":"2021-11-26T20:26:47","guid":{"rendered":"https:\/\/did-dev.net\/mineddte\/?page_id=2396"},"modified":"2024-02-08T14:59:45","modified_gmt":"2024-02-08T14:59:45","slug":"communiques","status":"publish","type":"page","link":"https:\/\/did-dev.net\/mineddte\/communiques\/","title":{"rendered":"Communiqu\u00e9s"},"content":{"rendered":"<p style=\"text-align: justify;\"><span style=\"font-family: verdana, geneva, sans-serif;\">Vous trouverez ci-dessous la liste de <strong>tous les documents relatifs aux <span style=\"text-decoration: underline;\">Communiqu\u00e9s<\/span> du Minist\u00e8re de l&#8217;Environnement, du D\u00e9veloppement Durable et de la Transition Ecologique<\/strong>. Il est possible d&#8217;effectuer une recherche par th\u00e8me.<\/span><\/p>\n<p style=\"text-align: justify;\">\r\n\t\r\n\t\t\t<div class=\"container-fluid wpdoc_container\" data-dir_restrictions = \"\" data-del_from_front=\"\" data-dir=\"3127\" data-home=\"3127\">\r\n\t\r\n\t\t\t\t<input type=\"hidden\" class=\"wpd_home_id\" value=\"3127\" \/>\r\n\t\t\t\t<input type=\"hidden\" class=\"wpd_del_file_id\" value=\"\" \/>\r\n\t\r\n\t\t\t\t<div class=\"card mt-3\">\r\n\t\t\t\t\t<!-- breadcrumb Area -->\r\n\t\t\t\t\t<nav aria-label=\"breadcrumb\" class=\"wpdocs-nav position-relative\">\r\n\t\t\t\t\t\t<ol class=\"breadcrumb bg-light\" style=\"border-bottom:1px solid #dee2e6;border-radius: 0; min-height: 40px;\">\r\n\r\n                            \t\r\n\t\t\t\t\t\t<\/ol>\r\n\r\n                        \r\n\t\t\t\t\t\t\t\t\t\t\t<\/nav>\r\n\t\t\t\r\n\t\t\t\t\t\r\n\t\t\t\t\t                    \r\n                                        <div class=\"wpdocs-searchbox\">\r\n                    \t<input type=\"text\" placeholder=\"Tapez ici pour filtrer ...\" \/>\r\n                    <\/div>\r\n                    \t\r\n\t\t\t\t\t<div class=\"card-body \">\r\n\t\r\n\t\t\t\t\t\t<!-- Large Icon View Area -->\r\n\t\t\t\t\t\t<div class=\"row folder_view large_icon_view d-none\">\r\n\t\t\t\t\t\t\t\t\r\n\t\t\t\t\t\t\t\t\t<div class=\"col-4 col-md-3 file_wrapper is_dir \" style=\"cursor: pointer;\" data-id=\"5159\" data-linked=\"\">\r\n\t\t\t\t\t\t\t\t\t\t<figure class=\"figure file_view p-0\">\t\t\t\t\t\t\t\t\t\r\n\t\t\t\t\t\t\t\t\t\t\t<span class=\"fa fa-folder text-warning\" style=\"font-size:90px\"><\/span>\r\n\t\t\t\t\t\t\t\t\t\t\t<figcaption class=\"figure-caption text-center\" style=\"font-size:90%\">NOTE D'INFORMATION<\/figcaption>\r\n\t\t\t\t\t\t\t\t\t\t<\/figure>\r\n\t\t\t\t\t\t\t\t\t<\/div>\r\n\t\r\n\t\t\t\t\t\t\t\t\t<div class=\"col-4 col-md-3 file_wrapper is_dir \" style=\"cursor: pointer;\" data-id=\"5994\" data-linked=\"\">\r\n\t\t\t\t\t\t\t\t\t\t<figure class=\"figure file_view p-0\">\t\t\t\t\t\t\t\t\t\r\n\t\t\t\t\t\t\t\t\t\t\t<span class=\"fa fa-folder text-warning\" style=\"font-size:90px\"><\/span>\r\n\t\t\t\t\t\t\t\t\t\t\t<figcaption class=\"figure-caption text-center\" style=\"font-size:90%\">COMMUNIQUES<\/figcaption>\r\n\t\t\t\t\t\t\t\t\t\t<\/figure>\r\n\t\t\t\t\t\t\t\t\t<\/div>\r\n\t\r\n\t\t\t\t\t\t\t\t\t<div class=\"col-4 col-md-3 file_wrapper is_dir \" style=\"cursor: pointer;\" data-id=\"4540\" data-linked=\"\">\r\n\t\t\t\t\t\t\t\t\t\t<figure class=\"figure file_view p-0\">\t\t\t\t\t\t\t\t\t\r\n\t\t\t\t\t\t\t\t\t\t\t<span class=\"fa fa-folder text-warning\" style=\"font-size:90px\"><\/span>\r\n\t\t\t\t\t\t\t\t\t\t\t<figcaption class=\"figure-caption text-center\" style=\"font-size:90%\">AVIS DE RECRUTEMENT D'UN CONSULTANT POUR L'ELABORATION DE LA STRATEGIE COMMUNICATION DU PROJET FOLAB<\/figcaption>\r\n\t\t\t\t\t\t\t\t\t\t<\/figure>\r\n\t\t\t\t\t\t\t\t\t<\/div>\r\n\t\r\n\t\r\n\t\t\t\t\t\t<\/div>\r\n\t\r\n\t\t\t\t\t\t<!-- List View Area -->\r\n\t\t\t\t\t\t<div class=\"row folder_view list_view \">\r\n\t\t\t\t\t\t\t\t\r\n\t\t\t\t\t\t\t\t\t<div class=\"col-12 file_wrapper is_dir\" style=\"cursor: pointer;\" data-id=\"5159\" data-linked=\"\">\r\n\t\t\t\t\t\t\t\t\t\t<figure class=\"figure file_view p-2\">\r\n\t\t\t\t\t\t\t\t\t\t\t<span class=\"fa fa-folder text-warning\" style=\"font-size:25px\"><\/span>\r\n\t\t\t\t\t\t\t\t\t\t\t<small class=\"text-center\">NOTE D'INFORMATION<\/small>\r\n\t\t\t\t\t\t\t\t\t\t<\/figure>\r\n\t\t\t\t\t\t\t\t\t<\/div>\r\n\t\t\t\t\t\t\t\t\t\r\n\t\t\t\t\t\t\t\t\t<div class=\"col-12 file_wrapper is_dir\" style=\"cursor: pointer;\" data-id=\"5994\" data-linked=\"\">\r\n\t\t\t\t\t\t\t\t\t\t<figure class=\"figure file_view p-2\">\r\n\t\t\t\t\t\t\t\t\t\t\t<span class=\"fa fa-folder text-warning\" style=\"font-size:25px\"><\/span>\r\n\t\t\t\t\t\t\t\t\t\t\t<small class=\"text-center\">COMMUNIQUES<\/small>\r\n\t\t\t\t\t\t\t\t\t\t<\/figure>\r\n\t\t\t\t\t\t\t\t\t<\/div>\r\n\t\t\t\t\t\t\t\t\t\r\n\t\t\t\t\t\t\t\t\t<div class=\"col-12 file_wrapper is_dir\" style=\"cursor: pointer;\" data-id=\"4540\" data-linked=\"\">\r\n\t\t\t\t\t\t\t\t\t\t<figure class=\"figure file_view p-2\">\r\n\t\t\t\t\t\t\t\t\t\t\t<span class=\"fa fa-folder text-warning\" style=\"font-size:25px\"><\/span>\r\n\t\t\t\t\t\t\t\t\t\t\t<small class=\"text-center\">AVIS DE RECRUTEMENT D'UN CONSULTANT POUR L'ELABORATION DE LA STRATEGIE COMMUNICATION DU PROJET FOLAB<\/small>\r\n\t\t\t\t\t\t\t\t\t\t<\/figure>\r\n\t\t\t\t\t\t\t\t\t<\/div>\r\n\t\t\t\t\t\t\t\t\t\r\n\t\r\n\t\t\t\t\t\t<\/div>\r\n\t                            \r\n\t\t\t\t\t\t<!-- Detail View Area -->\r\n\t\t\t\t\t\t<div class=\"row folder_view detail_view mt-0 d-none\">\r\n\t\t\t\t\t\t\t<div class=\"table-responsive\" style=\"zoom:70%\">\r\n\t\t\t\t\t\t\t\t<table class=\"table\">\r\n\t\t\t\t\t\t\t\t\t<thead class=\"thead\">\r\n\t\t\t\t\t\t\t\t\t\t<tr>\r\n\t\t\t\t\t\t\t\t\t\t\t<th>Nom <\/th>\r\n\t\t\t<th>Date de cr\u00e9ation <\/th>\t\t\t\t\t<th>Date modifi\u00e9e <\/th>\t\t\t\t\t<th>Type <\/th>\t\t\t\t\t<th>Taille <\/th>    \r\n\t\t\t\t\t\t\t\t\t\t<\/tr>\r\n\t\t\t\t\t\t\t\t\t<\/thead>\r\n\t\t\t\t\t\t\t\t\t\t\t\t\t\t\t\t\t\t\t\t<tr class=\"file_wrapper file_view is_dir\" style=\"cursor: pointer;\" data-id=\"5159\" data-linked=\"\">\r\n\t\t\t\t\t\t\t\t\t\t\t\t<td>\r\n\t\t\t\t\t\t\t\t\t\t\t\t\t<figure class=\"figure \">\r\n\t\t\t\t\t\t\t\t\t\t\t\t\t\t<span class=\"fa fa-folder text-warning\" style=\"font-size:25px\"><\/span>\r\n\t\t\t\t\t\t\t\t\t\t\t\t\t\t<small class=\"text-center mb-1\">NOTE D'INFORMATION<\/small>\r\n\t\t\t\t\t\t\t\t\t\t\t\t\t<\/figure>\r\n\t\t\t\t\t\t\t\t\t\t\t\t<\/td>\r\n\t\t\t\t\t\t\t\t\t\t\t\t\r\n\t\t\t\t<td data-time=\"\"><small>19 f\u00e9vrier 2024 16h00<\/small><\/td>\t\t\t\t\t\t<td data-time=\"\"><small>7 mars 2025 16h08<\/small><\/td>\t\t\t\t\t\t<td><small>Directory<\/small><\/td>\t\t\t\t\t\t<td><small><\/small><\/td>\t\t\t\t\t\t\t\t\t\t\t<\/tr>\r\n\t\t\t\t\t\t\t\t\t\t\t\t\t\t\t\t\t\t\t\t\t<tr class=\"file_wrapper file_view is_dir\" style=\"cursor: pointer;\" data-id=\"5994\" data-linked=\"\">\r\n\t\t\t\t\t\t\t\t\t\t\t\t<td>\r\n\t\t\t\t\t\t\t\t\t\t\t\t\t<figure class=\"figure \">\r\n\t\t\t\t\t\t\t\t\t\t\t\t\t\t<span class=\"fa fa-folder text-warning\" style=\"font-size:25px\"><\/span>\r\n\t\t\t\t\t\t\t\t\t\t\t\t\t\t<small class=\"text-center mb-1\">COMMUNIQUES<\/small>\r\n\t\t\t\t\t\t\t\t\t\t\t\t\t<\/figure>\r\n\t\t\t\t\t\t\t\t\t\t\t\t<\/td>\r\n\t\t\t\t\t\t\t\t\t\t\t\t\r\n\t\t\t\t<td data-time=\"\"><small>7 mars 2025 15h49<\/small><\/td>\t\t\t\t\t\t<td data-time=\"\"><small>7 mars 2025 15h50<\/small><\/td>\t\t\t\t\t\t<td><small>Directory<\/small><\/td>\t\t\t\t\t\t<td><small><\/small><\/td>\t\t\t\t\t\t\t\t\t\t\t<\/tr>\r\n\t\t\t\t\t\t\t\t\t\t\t\t\t\t\t\t\t\t\t\t\t<tr class=\"file_wrapper file_view is_dir\" style=\"cursor: pointer;\" data-id=\"4540\" data-linked=\"\">\r\n\t\t\t\t\t\t\t\t\t\t\t\t<td>\r\n\t\t\t\t\t\t\t\t\t\t\t\t\t<figure class=\"figure \">\r\n\t\t\t\t\t\t\t\t\t\t\t\t\t\t<span class=\"fa fa-folder text-warning\" style=\"font-size:25px\"><\/span>\r\n\t\t\t\t\t\t\t\t\t\t\t\t\t\t<small class=\"text-center mb-1\">AVIS DE RECRUTEMENT D'UN CONSULTANT POUR L'ELABORATION DE LA STRATEGIE COMMUNICATION DU PROJET FOLAB<\/small>\r\n\t\t\t\t\t\t\t\t\t\t\t\t\t<\/figure>\r\n\t\t\t\t\t\t\t\t\t\t\t\t<\/td>\r\n\t\t\t\t\t\t\t\t\t\t\t\t\r\n\t\t\t\t<td data-time=\"\"><small>22 mai 2023 12h30<\/small><\/td>\t\t\t\t\t\t<td data-time=\"\"><small>22 mai 2023 12h31<\/small><\/td>\t\t\t\t\t\t<td><small>Directory<\/small><\/td>\t\t\t\t\t\t<td><small><\/small><\/td>\t\t\t\t\t\t\t\t\t\t\t<\/tr>\r\n\t\t\t\t\t\t\t\t\t\t\t\t\t\t\t\t\t\t<\/table>\r\n\t\t\t\t\t\t\t<\/div>\r\n\t\t\t\t\t\t<\/div>\r\n\t\r\n\t\t\t\t\t<\/div>\r\n\t\t\t\t\t<div class=\"card-footer text-right wpdocs-views position-relative\">\r\n\t\r\n\t\r\n\t\r\n\t\t\t\t\t\t<a data-source=\"large_icon_view\" data-toggle=\"tooltip\" data-placement=\"bottom\" title=\"Affichage des miniatures\" class=\"folder_view_btn fa fa-image fa-lg text-danger mr-2\"><\/a>\r\n\t\t\t\t\t\t<a data-source=\"list_view\" data-toggle=\"tooltip\" data-placement=\"bottom\" title=\"Vue en liste\" class=\"folder_view_btn fa fa-bars fa-lg text-danger mr-2\"><\/a>\r\n\t\t\t\t\t\t<a data-source=\"detail_view\" data-toggle=\"tooltip\" data-placement=\"bottom\" title=\"Vues d\u00e9taill\u00e9es\" class=\"folder_view_btn fa fa-list fa-lg text-danger mr-2\"><\/a>\r\n\t\t\t\t\t<\/div>\r\n\t\t\t\t<\/div>\r\n\t\t\t\t\t<div class=\"wpdocs_loader wpd_modal d-none\">\r\n\t\t\t\t\t<div class=\"modal_content\">\r\n\t\t\t\t\t\t<img src=\"https:\/\/did-dev.net\/mineddte\/wp-content\/plugins\/wp-docs\/img\/loader.gif\" width=\"50px\" height=\"50px\">\r\n\t\t\t\t\t<\/div>\r\n\t\t\t\t<\/div>\r\n\t            \r\n\t\r\n\t\t\t<\/div>\n<p style=\"text-align: justify;\"><a href=\"https:\/\/did-dev.net\/mineddte\/wp-content\/uploads\/2023\/10\/703-Note-dInfo-Prtt-Avis-de-Vacance-de-Poste-a-lAgence-Inter-de-lEnergie-Atomique-AIEA-20230929_13502389_0076.pdf\">703, Note d&#8217;Info Prtt Avis de Vacance de Poste \u00e0 l&#8217;Agence Inter de l&#8217;Energie Atomique AIEA 20230929_13502389_0076<\/a><\/p>\n","protected":false},"excerpt":{"rendered":"<p>Vous trouverez ci-dessous la liste de tous les documents relatifs aux Communiqu\u00e9s du Minist\u00e8re de l&#8217;Environnement, du D\u00e9veloppement Durable et de la Transition Ecologique. Il est possible d&#8217;effectuer une recherche [&hellip;]<\/p>\n","protected":false},"author":1,"featured_media":0,"parent":0,"menu_order":0,"comment_status":"closed","ping_status":"closed","template":"","meta":{"_lmt_disableupdate":"no","_lmt_disable":"","pgc_sgb_lightbox_settings":""},"folder":[72],"_links":{"self":[{"href":"https:\/\/did-dev.net\/mineddte\/wp-json\/wp\/v2\/pages\/2396"}],"collection":[{"href":"https:\/\/did-dev.net\/mineddte\/wp-json\/wp\/v2\/pages"}],"about":[{"href":"https:\/\/did-dev.net\/mineddte\/wp-json\/wp\/v2\/types\/page"}],"author":[{"embeddable":true,"href":"https:\/\/did-dev.net\/mineddte\/wp-json\/wp\/v2\/users\/1"}],"replies":[{"embeddable":true,"href":"https:\/\/did-dev.net\/mineddte\/wp-json\/wp\/v2\/comments?post=2396"}],"version-history":[{"count":5,"href":"https:\/\/did-dev.net\/mineddte\/wp-json\/wp\/v2\/pages\/2396\/revisions"}],"predecessor-version":[{"id":5080,"href":"https:\/\/did-dev.net\/mineddte\/wp-json\/wp\/v2\/pages\/2396\/revisions\/5080"}],"wp:attachment":[{"href":"https:\/\/did-dev.net\/mineddte\/wp-json\/wp\/v2\/media?parent=2396"}],"wp:term":[{"taxonomy":"folder","embeddable":true,"href":"https:\/\/did-dev.net\/mineddte\/wp-json\/wp\/v2\/folder?post=2396"}],"curies":[{"name":"wp","href":"https:\/\/api.w.org\/{rel}","templated":true}]}}