{"id":2376,"date":"2021-11-26T20:03:37","date_gmt":"2021-11-26T20:03:37","guid":{"rendered":"https:\/\/did-dev.net\/mineddte\/?page_id=2376"},"modified":"2024-02-15T09:32:17","modified_gmt":"2024-02-15T09:32:17","slug":"etude-de-limpact-environnemental-et-societale","status":"publish","type":"page","link":"https:\/\/did-dev.net\/mineddte\/etude-de-limpact-environnemental-et-societale\/","title":{"rendered":"Etude de l\u2019Impact Environnemental et Soci\u00e9tale"},"content":{"rendered":"<ol>\n<li><strong>L\u2019EVALUATION ENVIRONNEMENTALE ET SOCIALE STRATEGIQUE (EESS)<\/strong><\/li>\n<\/ol>\n<p>Elle concerne les Politiques publiques, les strat\u00e9gies, les Plans et les Programmes de d\u00e9veloppement susceptibles d\u2019avoir des effets environnementaux et sociaux importants.<\/p>\n<p><strong>\u00a0 \u00a0 \u00a0 2. L\u2019ETUDE D\u2019IMPACT ENVIRONNEMENTAL ET SOCIAL (EIES)<\/strong><\/p>\n<p>Elle s\u2019applique aux projets de d\u00e9veloppement qui, par l\u2019importance de leurs dimensions ou de leurs incidences peuvent porter atteinte aux milieux naturel et humain.<\/p>\n<p><strong>\u00a0 \u00a0 \u00a03. L\u2019AUDIT ENVIRONNEMENTAL ET SOCIAL (AES)<\/strong><\/p>\n<p>Porte sur les ouvrages, les entreprises, les activit\u00e9s, parties ou combinaisons de celles-ci assujettis \u00e0 \u00e9valuation environnementale et sociale. Les activit\u00e9s, les projets en phase de cessation sont \u00e9galement soumis \u00e0 l\u2019AES. L\u2019Audit Environnemental et Social est p\u00e9riodique, chaque 3 ans.<\/p>\n<p><strong>\u00a0 \u00a0 \u00a0 \u00a0 \u00a0 \u00a0 \u00a0 \u00a0 \u00a0 \u00a0 \u00a0 \u00a0 \u00a0 \u00a0 \u00a0 \u00a0 \u00a0 \u00a0 \u00a0 \u00a0 \u00a0 \u00a0 \u00a0 \u00a0<\/strong><\/p>\n<p><strong>\u00a0 \u00a0 \u00a0 \u00a0 \u00a0 \u00a0 \u00a0 \u00a0 \u00a0 \u00a0 \u00a0 \u00a0 \u00a0 \u00a0 \u00a0 \u00a0 \u00a0 \u00a0 \u00a0 \u00a0 \u00a0 \u00a0 \u00a0 \u00a0 \u00a0 \u00a0 \u00a0 \u00a0 \u00a0 \u00a0PROCEDURE<\/strong><\/p>\n<p>La mise en \u0153uvre de la proc\u00e9dure de l\u2019\u00c9valuation Environnementale et Sociale comporte les \u00e9tapes suivantes :<\/p>\n<ol>\n<li>Saisine de l\u2019ANDE\u00a0;<\/li>\n<li>\u00c9laboration des Termes de R\u00e9f\u00e9rences (TDR) de l\u2019\u00e9tude par l\u2019ANDE ;<\/li>\n<li>Choix par le Promoteur d\u2019un Bureau d\u2019Etudes ou d\u2019un Consultant ind\u00e9pendant agr\u00e9\u00e9 pour la conduite de l\u2019\u00e9tude ;<\/li>\n<li>Organisation de l\u2019Enqu\u00eate Publique par l\u2019ANDE ;<\/li>\n<li>Organisation de l\u2019Examen Technique du rapport de l\u2019\u00e9tude par l\u2019ANDE ;<\/li>\n<li>D\u00e9livrance de l\u2019arr\u00eat\u00e9 d\u2019approbation du rapport par Ministre en charge de l\u2019Environnement ;<\/li>\n<li>Organisation du Suivi Environnemental et Social du projet par l\u2019ANDE ;<\/li>\n<li>Organisation chaque 3 ans de l\u2019Audit Environnemental et Social du projet par l\u2019ANDE.<\/li>\n<\/ol>\n<p>Pour plus d\u2019informations, veuillez consulter le site web de l&#8217;Agence Nationale de l&#8217;environnement : <a href=\"http:\/\/ande-ci.com\">www.ande-ci.com<\/a><\/p>\n","protected":false},"excerpt":{"rendered":"<p>L\u2019EVALUATION ENVIRONNEMENTALE ET SOCIALE STRATEGIQUE (EESS) Elle concerne les Politiques publiques, les strat\u00e9gies, les Plans et les Programmes de d\u00e9veloppement susceptibles d\u2019avoir des effets environnementaux et sociaux importants. \u00a0 \u00a0 [&hellip;]<\/p>\n","protected":false},"author":1,"featured_media":0,"parent":0,"menu_order":0,"comment_status":"closed","ping_status":"closed","template":"","meta":{"_lmt_disableupdate":"no","_lmt_disable":"","pgc_sgb_lightbox_settings":""},"folder":[52],"_links":{"self":[{"href":"https:\/\/did-dev.net\/mineddte\/wp-json\/wp\/v2\/pages\/2376"}],"collection":[{"href":"https:\/\/did-dev.net\/mineddte\/wp-json\/wp\/v2\/pages"}],"about":[{"href":"https:\/\/did-dev.net\/mineddte\/wp-json\/wp\/v2\/types\/page"}],"author":[{"embeddable":true,"href":"https:\/\/did-dev.net\/mineddte\/wp-json\/wp\/v2\/users\/1"}],"replies":[{"embeddable":true,"href":"https:\/\/did-dev.net\/mineddte\/wp-json\/wp\/v2\/comments?post=2376"}],"version-history":[{"count":6,"href":"https:\/\/did-dev.net\/mineddte\/wp-json\/wp\/v2\/pages\/2376\/revisions"}],"predecessor-version":[{"id":5122,"href":"https:\/\/did-dev.net\/mineddte\/wp-json\/wp\/v2\/pages\/2376\/revisions\/5122"}],"wp:attachment":[{"href":"https:\/\/did-dev.net\/mineddte\/wp-json\/wp\/v2\/media?parent=2376"}],"wp:term":[{"taxonomy":"folder","embeddable":true,"href":"https:\/\/did-dev.net\/mineddte\/wp-json\/wp\/v2\/folder?post=2376"}],"curies":[{"name":"wp","href":"https:\/\/api.w.org\/{rel}","templated":true}]}}

Etude de l’Impact Environnemental et Sociétale

<ol>
<li><strong>L’EVALUATION ENVIRONNEMENTALE ET SOCIALE STRATEGIQUE (EESS)</strong></li>
</ol>
<p>Elle concerne les Politiques publiques, les stratégies, les Plans et les Programmes de développement susceptibles d’avoir des effets environnementaux et sociaux importants.</p>
<p><strong>      2. L’ETUDE D’IMPACT ENVIRONNEMENTAL ET SOCIAL (EIES)</strong></p>
<p>Elle s’applique aux projets de développement qui, par l’importance de leurs dimensions ou de leurs incidences peuvent porter atteinte aux milieux naturel et humain.</p>
<p><strong>     3. L’AUDIT ENVIRONNEMENTAL ET SOCIAL (AES)</strong></p>
<p>Porte sur les ouvrages, les entreprises, les activités, parties ou combinaisons de celles-ci assujettis à évaluation environnementale et sociale. Les activités, les projets en phase de cessation sont également soumis à l’AES. L’Audit Environnemental et Social est périodique, chaque 3 ans.</p>
<p><strong>                                               </strong></p>
<p><strong>                                                           PROCEDURE</strong></p>
<p>La mise en œuvre de la procédure de l’Évaluation Environnementale et Sociale comporte les étapes suivantes :</p>
<ol>
<li>Saisine de l’ANDE ;</li>
<li>Élaboration des Termes de Références (TDR) de l’étude par l’ANDE ;</li>
<li>Choix par le Promoteur d’un Bureau d’Etudes ou d’un Consultant indépendant agréé pour la conduite de l’étude ;</li>
<li>Organisation de l’Enquête Publique par l’ANDE ;</li>
<li>Organisation de l’Examen Technique du rapport de l’étude par l’ANDE ;</li>
<li>Délivrance de l’arrêté d’approbation du rapport par Ministre en charge de l’Environnement ;</li>
<li>Organisation du Suivi Environnemental et Social du projet par l’ANDE ;</li>
<li>Organisation chaque 3 ans de l’Audit Environnemental et Social du projet par l’ANDE.</li>
</ol>
<p>Pour plus d’informations, veuillez consulter le site web de l&#8217;Agence Nationale de l&#8217;environnement : <a href="http://ande-ci.com">www.ande-ci.com</a></p>

<p>L’EVALUATION ENVIRONNEMENTALE ET SOCIALE STRATEGIQUE (EESS) Elle concerne les Politiques publiques, les stratégies, les Plans et les Programmes de développement susceptibles d’avoir des effets environnementaux et sociaux importants.     [&hellip;]</p>
