{"id":2370,"date":"2021-11-26T19:59:29","date_gmt":"2021-11-26T19:59:29","guid":{"rendered":"https:\/\/did-dev.net\/mineddte\/?page_id=2370"},"modified":"2022-02-01T12:51:24","modified_gmt":"2022-02-01T12:51:24","slug":"enlevement-des-dechets-menagers-et-assimiles-a-bord-de-navires","status":"publish","type":"page","link":"https:\/\/did-dev.net\/mineddte\/enlevement-des-dechets-menagers-et-assimiles-a-bord-de-navires\/","title":{"rendered":"Enl\u00e8vement des D\u00e9chets M\u00e9nagers et Assimil\u00e9s \u00e0 bord de navires"},"content":{"rendered":"<p style=\"text-align: justify;\" data-tadv-p=\"keep\"><span style=\"font-family: verdana, geneva, sans-serif;\">Les ordures m\u00e9nag\u00e8res et assimil\u00e9es provenant des navires peuvent \u00eatre aussi mortelles pour la faune et la flore marine que les hydrocarbures ou les d\u00e9chets dangereux. L\u2019Annexe V de la convention de MARPOL \u00e9nonce les r\u00e8gles relatives \u00e0 la pr\u00e9vention de la pollution par les ordures des navires et constitue le fondement de l\u2019activit\u00e9 de collecte, d\u2019enl\u00e8vement et d\u2019\u00e9vacuation des ordures m\u00e9nag\u00e8res et assimil\u00e9es.<\/span><\/p>\n<p style=\"text-align: justify;\" data-tadv-p=\"keep\"><span style=\"font-family: verdana, geneva, sans-serif;\">En C\u00f4te d\u2019Ivoire, le Comit\u00e9 National d\u2019Agr\u00e9ment cr\u00e9\u00e9 par l\u2019arr\u00eat\u00e9 N\u00b000711MINEEF\/DGE du 15 avril 2008 a entre autres pour missions, l\u2019instruction des dossiers de demande d\u2019agr\u00e9ment et le suivi de la mise en \u0153uvre de la r\u00e9glementation relative \u00e0 l\u2019enl\u00e8vement des ordures m\u00e9nag\u00e8res et assimil\u00e9es \u00e0 bord des navires. <\/span><\/p>\n<p style=\"text-align: justify;\" data-tadv-p=\"keep\"><span style=\"font-family: verdana, geneva, sans-serif;\"><strong>Chaque ann\u00e9e, des agr\u00e9ments sont octroy\u00e9s aux op\u00e9rateurs pour une dur\u00e9e de validit\u00e9 d\u2019un (1) an<\/strong>.<\/span><\/p>\n<p style=\"text-align: justify;\"><span style=\"font-family: verdana, geneva, sans-serif;\">Pour plus d\u2019informations, veuillez consulter le site web de la DDISC : <a href=\"http:\/\/ddisc.environnement.gouv.ci\" target=\"_blank\" rel=\"noopener\">ddisc.environnement.gouv.ci<\/a>.<\/span><\/p>\n","protected":false},"excerpt":{"rendered":"<p>Les ordures m\u00e9nag\u00e8res et assimil\u00e9es provenant des navires peuvent \u00eatre aussi mortelles pour la faune et la flore marine que les hydrocarbures ou les d\u00e9chets dangereux. L\u2019Annexe V de la [&hellip;]<\/p>\n","protected":false},"author":1,"featured_media":0,"parent":0,"menu_order":0,"comment_status":"closed","ping_status":"closed","template":"","meta":{"_lmt_disableupdate":"no","_lmt_disable":"","pgc_sgb_lightbox_settings":""},"folder":[52],"_links":{"self":[{"href":"https:\/\/did-dev.net\/mineddte\/wp-json\/wp\/v2\/pages\/2370"}],"collection":[{"href":"https:\/\/did-dev.net\/mineddte\/wp-json\/wp\/v2\/pages"}],"about":[{"href":"https:\/\/did-dev.net\/mineddte\/wp-json\/wp\/v2\/types\/page"}],"author":[{"embeddable":true,"href":"https:\/\/did-dev.net\/mineddte\/wp-json\/wp\/v2\/users\/1"}],"replies":[{"embeddable":true,"href":"https:\/\/did-dev.net\/mineddte\/wp-json\/wp\/v2\/comments?post=2370"}],"version-history":[{"count":2,"href":"https:\/\/did-dev.net\/mineddte\/wp-json\/wp\/v2\/pages\/2370\/revisions"}],"predecessor-version":[{"id":3151,"href":"https:\/\/did-dev.net\/mineddte\/wp-json\/wp\/v2\/pages\/2370\/revisions\/3151"}],"wp:attachment":[{"href":"https:\/\/did-dev.net\/mineddte\/wp-json\/wp\/v2\/media?parent=2370"}],"wp:term":[{"taxonomy":"folder","embeddable":true,"href":"https:\/\/did-dev.net\/mineddte\/wp-json\/wp\/v2\/folder?post=2370"}],"curies":[{"name":"wp","href":"https:\/\/api.w.org\/{rel}","templated":true}]}}