{"id":1964,"date":"2021-09-29T12:04:48","date_gmt":"2021-09-29T12:04:48","guid":{"rendered":"https:\/\/did-dev.net\/mineddte\/?page_id=1964"},"modified":"2022-02-01T12:36:48","modified_gmt":"2022-02-01T12:36:48","slug":"gestion-des-dechets-industriels","status":"publish","type":"page","link":"https:\/\/did-dev.net\/mineddte\/gestion-des-dechets-industriels\/","title":{"rendered":"Gestion des D\u00e9chets Industriels"},"content":{"rendered":"<p style=\"text-align: justify;\" data-tadv-p=\"keep\"><span style=\"font-family: verdana, geneva, sans-serif;\">La gestion des d\u00e9chets industriels est l\u2019ensemble des op\u00e9rations de collecte, de transport, de valorisation et d\u2019\u00e9limination des d\u00e9chets industriels, et plus largement toute activit\u00e9 participant de l\u2019organisation de la prise en charge des d\u00e9chets industriels depuis leur production jusqu\u2019\u00e0 leur traitement final. <\/span><\/p>\n<p style=\"text-align: justify;\" data-tadv-p=\"keep\"><span style=\"font-family: verdana, geneva, sans-serif;\">A ce titre, la Direction des D\u00e9chets Industriels et Substances Chimiques (DDISC) a pour mission d\u2019\u00e9laborer et d\u2019assurer le suivi de la mise en \u0153uvre de la politique nationale de gestion des d\u00e9chets industriels. <\/span><\/p>\n<p style=\"text-align: justify;\"><span style=\"font-family: verdana, geneva, sans-serif;\">Pour plus d\u2019informations veuillez consulter le site web de la DDISC : <a href=\"http:\/\/ddisc.environnement.gouv.ci\" target=\"_blank\" rel=\"noopener\">ddisc.environnement.gouv.ci<\/a>.<\/span><\/p>\n","protected":false},"excerpt":{"rendered":"<p>La gestion des d\u00e9chets industriels est l\u2019ensemble des op\u00e9rations de collecte, de transport, de valorisation et d\u2019\u00e9limination des d\u00e9chets industriels, et plus largement toute activit\u00e9 participant de l\u2019organisation de la [&hellip;]<\/p>\n","protected":false},"author":1,"featured_media":0,"parent":0,"menu_order":0,"comment_status":"closed","ping_status":"closed","template":"","meta":{"_lmt_disableupdate":"no","_lmt_disable":"","pgc_sgb_lightbox_settings":""},"folder":[52],"_links":{"self":[{"href":"https:\/\/did-dev.net\/mineddte\/wp-json\/wp\/v2\/pages\/1964"}],"collection":[{"href":"https:\/\/did-dev.net\/mineddte\/wp-json\/wp\/v2\/pages"}],"about":[{"href":"https:\/\/did-dev.net\/mineddte\/wp-json\/wp\/v2\/types\/page"}],"author":[{"embeddable":true,"href":"https:\/\/did-dev.net\/mineddte\/wp-json\/wp\/v2\/users\/1"}],"replies":[{"embeddable":true,"href":"https:\/\/did-dev.net\/mineddte\/wp-json\/wp\/v2\/comments?post=1964"}],"version-history":[{"count":6,"href":"https:\/\/did-dev.net\/mineddte\/wp-json\/wp\/v2\/pages\/1964\/revisions"}],"predecessor-version":[{"id":3149,"href":"https:\/\/did-dev.net\/mineddte\/wp-json\/wp\/v2\/pages\/1964\/revisions\/3149"}],"wp:attachment":[{"href":"https:\/\/did-dev.net\/mineddte\/wp-json\/wp\/v2\/media?parent=1964"}],"wp:term":[{"taxonomy":"folder","embeddable":true,"href":"https:\/\/did-dev.net\/mineddte\/wp-json\/wp\/v2\/folder?post=1964"}],"curies":[{"name":"wp","href":"https:\/\/api.w.org\/{rel}","templated":true}]}}