{"id":1946,"date":"2021-09-29T11:28:04","date_gmt":"2021-09-29T11:28:04","guid":{"rendered":"https:\/\/did-dev.net\/mineddte\/?page_id=1946"},"modified":"2024-02-08T14:50:49","modified_gmt":"2024-02-08T14:50:49","slug":"nous-ecrire","status":"publish","type":"page","link":"https:\/\/did-dev.net\/mineddte\/nous-ecrire\/","title":{"rendered":"Nous \u00e9crire"},"content":{"rendered":"<section class=\"wpb-content-wrapper\"><p>[vc_row][vc_column][vc_column_text]<\/p>\n<p style=\"text-align: center;\"><strong>Veuillez joindre le Minist\u00e8re pour toute pr\u00e9occupation professionnelle ou pour un quelconque \u00e9clairage.<\/strong><\/p>\n<p style=\"text-align: center;\"><div class=\"jet-form-block\"data-is-block=\"jet-engine\/booking-form\"><form  class=\"jet-form layout-column submit-type-ajax\" action=\"\/mineddte\/wp-json\/wp\/v2\/pages\/1946?jet_engine_action=book&nocache=1777564976\" method=\"POST\" data-form-id=\"2535\"><input class=\"jet-form__field hidden-field\" type=\"hidden\" name=\"_jet_engine_booking_form_id\" value=\"2535\" data-field-name=\"_jet_engine_booking_form_id\"><input class=\"jet-form__field hidden-field\" type=\"hidden\" name=\"_jet_engine_refer\" value=\"https:\/\/did-dev.net\/mineddte\/wp-json\/wp\/v2\/pages\/1946\" data-field-name=\"_jet_engine_refer\"><div  class=\"jet-form-row jet-form-row--first-visible\"><div class=\"jet-form-col jet-form-col-12  field-type-text  jet-form-field-container\" data-field=\"cf_nom_prenoms\" data-conditional=\"false\"><div class=\"jet-form__label\">\n\t<span class=\"jet-form__label-text\" >Nom et Pr\u00e9noms<span class=\"jet-form__required\">*<\/span><\/span>\n\t<\/div><input class=\"jet-form__field text-field \" placeholder=\"Vos nom et pr\u00e9noms s&#039;il vous pla\u00eet.\" required=\"required\" name=\"cf_nom_prenoms\" id=\"cf_nom_prenoms\" type=\"text\" data-field-name=\"cf_nom_prenoms\"><\/div><\/div><div  class=\"jet-form-row\"><div class=\"jet-form-col jet-form-col-12  field-type-text  jet-form-field-container\" data-field=\"cf_email\" data-conditional=\"false\"><div class=\"jet-form__label\">\n\t<span class=\"jet-form__label-text\" >Email<span class=\"jet-form__required\">*<\/span><\/span>\n\t<\/div><input class=\"jet-form__field text-field \" placeholder=\"Votre adresse email s&#039;il vous pla\u00eet.\" required=\"required\" name=\"cf_email\" id=\"cf_email\" type=\"email\" data-field-name=\"cf_email\"><\/div><\/div><div  class=\"jet-form-row\"><div class=\"jet-form-col jet-form-col-12  field-type-text  jet-form-field-container\" data-field=\"cf_objet\" data-conditional=\"false\"><div class=\"jet-form__label\">\n\t<span class=\"jet-form__label-text\" >Objet<span class=\"jet-form__required\">*<\/span><\/span>\n\t<\/div><input class=\"jet-form__field text-field \" placeholder=\"Veuillez entrer l&#039;objet de votre message s&#039;il vous pla\u00eet.\" required=\"required\" name=\"cf_objet\" id=\"cf_objet\" type=\"text\" data-field-name=\"cf_objet\"><\/div><\/div><div  class=\"jet-form-row\"><div class=\"jet-form-col jet-form-col-12  field-type-textarea  jet-form-field-container\" data-field=\"cf_message\" data-conditional=\"false\"><div class=\"jet-form__label\">\n\t<span class=\"jet-form__label-text\" >Message<span class=\"jet-form__required\">*<\/span><\/span>\n\t<\/div><textarea class=\"jet-form__field textarea-field\" placeholder=\"Veuillez saisir le contenu de votre message s&#039;il vous pla\u00eet.\" required=\"required\" name=\"cf_message\" data-field-name=\"cf_message\" id=\"cf_message\"><\/textarea><\/div><\/div><div  class=\"jet-form-row\"><div class=\"jet-form-col jet-form-col-12  field-type-media  jet-form-field-container\" data-field=\"cf_piece_jointe\" data-conditional=\"false\"><div class=\"jet-form__label\">\n\t<span class=\"jet-form__label-text\" >Pi\u00e8ce(s) Jointe(s): 2 fichiers maximum<\/span>\n\t<\/div><div class=\"jet-engine-file-upload\">\n\t<div class=\"jet-engine-file-upload__content\">\n\t\t<div class=\"jet-engine-file-upload__loader\"><svg xmlns=\"http:\/\/www.w3.org\/2000\/svg\" width=\"38\" height=\"38\" viewBox=\"0 0 38 38\" stroke=\"#fff\"><g fill=\"none\" fill-rule=\"evenodd\"><g transform=\"translate(1 1)\" stroke-width=\"2\"><circle stroke-opacity=\".5\" cx=\"18\" cy=\"18\" r=\"18\"\/><path d=\"M36 18c0-9.94-8.06-18-18-18\" transform=\"rotate(137.826 18 18)\"><animateTransform attributeName=\"transform\" type=\"rotate\" from=\"0 18 18\" to=\"360 18 18\" dur=\"1s\" repeatCount=\"indefinite\"\/><\/path><\/g><\/g><\/svg><\/div>\t\t<div class=\"jet-engine-file-upload__files\"  data-args=\"{&quot;max_files&quot;:&quot;2&quot;,&quot;insert_attachment&quot;:false,&quot;value_format&quot;:&quot;url&quot;}\"><\/div>\n\t<\/div>\n\t<div class=\"jet-engine-file-upload__fields\">\n\t\t<input class=\"jet-form__field jet-engine-file-upload__value\" type=\"hidden\" name=\"cf_piece_jointe\" data-field-name=\"cf_piece_jointe\" value=\"\" >\n\t\t<input class=\"jet-form__field file-field jet-engine-file-upload__input\" name=\"cf_piece_jointe_input\" type=\"file\" data-form_id=\"2535\" data-field=\"cf_piece_jointe\" id=\"cf_piece_jointe\" data-max_files=\"2\" multiple=\"1\" data-max_size=\"134217728\">\n\t<\/div>\n\t<div class=\"jet-engine-file-upload__message\"><small>Maximum file size: 128 Mo<\/small><\/div>\n\t<div class=\"jet-engine-file-upload__errors is-hidden\"><\/div>\n<\/div><\/div><\/div><div  class=\"jet-form-row jet-form-row--submit\"><div class=\"jet-form-col jet-form-col-12  field-type-submit  jet-form-field-container\" data-field=\"submit\" data-conditional=\"false\"><div class=\"jet-form__submit-wrap\">\n\t\t<button class=\"jet-form__submit submit-type-ajax\" type=\"button\">ENVOYER<\/button>\n<\/div><\/div><\/div><script id=\"jet-engine-recaptcha-js\" src=\"https:\/\/www.google.com\/recaptcha\/api.js?render=6Led8aYeAAAAAJNQB-pQVdPlvgFFP9k2aXsaBNbp\"><\/script>\t\t\t<input type=\"hidden\" class=\"captcha-token\" name=\"_captcha_token\" value=\"\">\n\t\t\t<script>\n\n\t\t\t\tif ( ! window.JetEngineFormCaptcha ) {\n\t\t\t\t\twindow.JetEngineFormCaptcha = function( formID ) {\n\t\t\t\t\t\tvar $script  = document.querySelector( 'script#jet-engine-recaptcha-js' ),\n\t\t\t\t\t\t\t$cpField = document.querySelector( 'form[data-form-id=\"' + formID + '\"] .captcha-token' );\n\n\t\t\t\t\t\tfunction setFormToken() {\n\t\t\t\t\t\t\tif ( window.JetEngineFormToken ) {\n\t\t\t\t\t\t\t\t$cpField.value = window.JetEngineFormToken;\n\t\t\t\t\t\t\t} else if ( window.grecaptcha ) {\n\t\t\t\t\t\t\t\twindow.grecaptcha.ready( function() {\n\t\t\t\t\t\t\t\t\tgrecaptcha.execute(\n\t\t\t\t\t\t\t\t\t\t'6Led8aYeAAAAAJNQB-pQVdPlvgFFP9k2aXsaBNbp',\n\t\t\t\t\t\t\t\t\t\t{\n\t\t\t\t\t\t\t\t\t\t\taction: 'submit_form'\n\t\t\t\t\t\t\t\t\t\t}\n\t\t\t\t\t\t\t\t\t).then( function( token ) {\n\t\t\t\t\t\t\t\t\t\t$cpField.value = token;\n\t\t\t\t\t\t\t\t\t\twindow.JetEngineFormToken = token;\n\t\t\t\t\t\t\t\t\t} );\n\t\t\t\t\t\t\t\t} );\n\t\t\t\t\t\t\t}\n\t\t\t\t\t\t}\n\n\t\t\t\t\t\tif ( ! $cpField ) {\n\t\t\t\t\t\t\treturn;\n\t\t\t\t\t\t}\n\n\t\t\t\t\t\tif ( ! $script ) {\n\n\t\t\t\t\t\t\t$script = document.createElement( 'script' );\n\n\t\t\t\t\t\t\t$script.id  = 'jet-engine-recaptcha-js';\n\t\t\t\t\t\t\t$script.src = 'https:\/\/www.google.com\/recaptcha\/api.js?render=6Led8aYeAAAAAJNQB-pQVdPlvgFFP9k2aXsaBNbp';\n\n\t\t\t\t\t\t\t$cpField.parentNode.insertBefore( $script, $cpField );\n\n\t\t\t\t\t\t\t$script.onload = function() {\n\t\t\t\t\t\t\t\tsetFormToken();\n\t\t\t\t\t\t\t};\n\n\t\t\t\t\t\t} else {\n\t\t\t\t\t\t\tsetFormToken();\n\t\t\t\t\t\t}\n\n\t\t\t\t\t}\n\t\t\t\t}\n\n\t\t\t\twindow.JetEngineFormCaptcha( 2535 );\n\n\t\t\t\tjQuery( window ).on( 'jet-popup\/show-event\/after-show', function () {\n\n\t\t\t\t\twindow.JetEngineFormCaptcha( 2535 );\n\n\t\t\t\t} );\n\t\t\t<\/script>\n\t\t\t<input class=\"jet-form__field hidden-field\" type=\"hidden\" name=\"_jet_engine_nonce\" value=\"e41add55b4\" data-field-name=\"_jet_engine_nonce\"><\/form><div class=\"jet-form-messages-wrap\" data-form-id=\"2535\"><\/div><\/div>\n<p>[\/vc_column_text][vc_raw_html]JTNDZm9ybSUzRSUwQSUwQSUwQSUzQyUzRnBocCUwQWlmJTI4JTI0X1NFUlZFUiU1QiUyN1JFUVVFU1RfTUVUSE9EJTI3JTVEJTIwJTNEJTNEJTIwJTI3UE9TVCUyNyUyOSUwQSU3QiUwQSUyMCUyMCUyMCUyMCUyRiUyRkhlcmUlMjB3ZSUyMHBhcnNlJTIwdGhlJTIwZm9ybSUwQSUyMCUyMCUyMCUyMGlmJTI4JTIxaXNzZXQlMjglMjRfU0VTU0lPTiU1QiUyN2NzcmYlMjclNUQlMjklMjAlN0MlN0MlMjAlMjRfU0VTU0lPTiU1QiUyN2NzcmYlMjclNUQlMjAlMjElM0QlM0QlMjAlMjRfUE9TVCU1QiUyN2NzcmYlMjclNUQlMjklMEElMjAlMjAlMjAlMjAlMjAlMjAlMjAlMjB0aHJvdyUyMG5ldyUyMFJ1bnRpbWVFeGNlcHRpb24lMjglMjdDU1JGJTIwYXR0YWNrJTI3JTI5JTNCJTBBJTIwJTBBJTIwJTIwJTIwJTIwJTJGJTJGRG8lMjB0aGUlMjByZXN0JTIwb2YlMjB0aGUlMjBwcm9jZXNzaW5nJTIwaGVyZSUwQSU3RCUwQSUyMCUwQSUyRiUyRkdlbmVyYXRlJTIwYSUyMGtleSUyQyUyMHByaW50JTIwYSUyMGZvcm0lM0ElMEElMjRrZXklMjAlM0QlMjBzaGExJTI4bWljcm90aW1lJTI4JTI5JTI5JTNCJTBBJTI0X1NFU1NJT04lNUIlMjdjc3JmJTI3JTVEJTIwJTNEJTIwJTI0a2V5JTNCJTBBJTNGJTNFJTBBJTBBJTBBJTBBJTIwJTIwJTIwJTIwJTIwJTIwJTIwJTIwJTNDaW5wdXQlMjB0eXBlJTNEJTIyaGlkZGVuJTIyJTIwbmFtZSUzRCUyMmNzcmYlMjIlMjB2YWx1ZSUzRCUyMiUzQyUzRnBocCUyMGVjaG8lMjAlMjRrZXklM0IlMjAlM0YlM0UlMjIlMjAlMkYlM0UlMEElMEElM0MlMkZmb3JtJTIwJTNFJTBB[\/vc_raw_html][\/vc_column][\/vc_row]<\/p>\n<\/section>","protected":false},"excerpt":{"rendered":"<p>[vc_row][vc_column][vc_column_text] Veuillez joindre le Minist\u00e8re pour toute pr\u00e9occupation professionnelle ou pour un quelconque \u00e9clairage. [\/vc_column_text][vc_raw_html]JTNDZm9ybSUzRSUwQSUwQSUwQSUzQyUzRnBocCUwQWlmJTI4JTI0X1NFUlZFUiU1QiUyN1JFUVVFU1RfTUVUSE9EJTI3JTVEJTIwJTNEJTNEJTIwJTI3UE9TVCUyNyUyOSUwQSU3QiUwQSUyMCUyMCUyMCUyMCUyRiUyRkhlcmUlMjB3ZSUyMHBhcnNlJTIwdGhlJTIwZm9ybSUwQSUyMCUyMCUyMCUyMGlmJTI4JTIxaXNzZXQlMjglMjRfU0VTU0lPTiU1QiUyN2NzcmYlMjclNUQlMjklMjAlN0MlN0MlMjAlMjRfU0VTU0lPTiU1QiUyN2NzcmYlMjclNUQlMjAlMjElM0QlM0QlMjAlMjRfUE9TVCU1QiUyN2NzcmYlMjclNUQlMjklMEElMjAlMjAlMjAlMjAlMjAlMjAlMjAlMjB0aHJvdyUyMG5ldyUyMFJ1bnRpbWVFeGNlcHRpb24lMjglMjdDU1JGJTIwYXR0YWNrJTI3JTI5JTNCJTBBJTIwJTBBJTIwJTIwJTIwJTIwJTJGJTJGRG8lMjB0aGUlMjByZXN0JTIwb2YlMjB0aGUlMjBwcm9jZXNzaW5nJTIwaGVyZSUwQSU3RCUwQSUyMCUwQSUyRiUyRkdlbmVyYXRlJTIwYSUyMGtleSUyQyUyMHByaW50JTIwYSUyMGZvcm0lM0ElMEElMjRrZXklMjAlM0QlMjBzaGExJTI4bWljcm90aW1lJTI4JTI5JTI5JTNCJTBBJTI0X1NFU1NJT04lNUIlMjdjc3JmJTI3JTVEJTIwJTNEJTIwJTI0a2V5JTNCJTBBJTNGJTNFJTBBJTBBJTBBJTBBJTIwJTIwJTIwJTIwJTIwJTIwJTIwJTIwJTNDaW5wdXQlMjB0eXBlJTNEJTIyaGlkZGVuJTIyJTIwbmFtZSUzRCUyMmNzcmYlMjIlMjB2YWx1ZSUzRCUyMiUzQyUzRnBocCUyMGVjaG8lMjAlMjRrZXklM0IlMjAlM0YlM0UlMjIlMjAlMkYlM0UlMEElMEElM0MlMkZmb3JtJTIwJTNFJTBB[\/vc_raw_html][\/vc_column][\/vc_row]<\/p>\n","protected":false},"author":1,"featured_media":0,"parent":0,"menu_order":0,"comment_status":"closed","ping_status":"closed","template":"","meta":{"_lmt_disableupdate":"no","_lmt_disable":"","pgc_sgb_lightbox_settings":""},"folder":[55],"_links":{"self":[{"href":"https:\/\/did-dev.net\/mineddte\/wp-json\/wp\/v2\/pages\/1946"}],"collection":[{"href":"https:\/\/did-dev.net\/mineddte\/wp-json\/wp\/v2\/pages"}],"about":[{"href":"https:\/\/did-dev.net\/mineddte\/wp-json\/wp\/v2\/types\/page"}],"author":[{"embeddable":true,"href":"https:\/\/did-dev.net\/mineddte\/wp-json\/wp\/v2\/users\/1"}],"replies":[{"embeddable":true,"href":"https:\/\/did-dev.net\/mineddte\/wp-json\/wp\/v2\/comments?post=1946"}],"version-history":[{"count":6,"href":"https:\/\/did-dev.net\/mineddte\/wp-json\/wp\/v2\/pages\/1946\/revisions"}],"predecessor-version":[{"id":5078,"href":"https:\/\/did-dev.net\/mineddte\/wp-json\/wp\/v2\/pages\/1946\/revisions\/5078"}],"wp:attachment":[{"href":"https:\/\/did-dev.net\/mineddte\/wp-json\/wp\/v2\/media?parent=1946"}],"wp:term":[{"taxonomy":"folder","embeddable":true,"href":"https:\/\/did-dev.net\/mineddte\/wp-json\/wp\/v2\/folder?post=1946"}],"curies":[{"name":"wp","href":"https:\/\/api.w.org\/{rel}","templated":true}]}}